{"id":24,"date":"2017-08-22T23:20:25","date_gmt":"2017-08-22T20:20:25","guid":{"rendered":"http:\/\/rotasetrilhas.com\/newsite\/?page_id=24"},"modified":"2020-06-19T14:11:00","modified_gmt":"2020-06-19T11:11:00","slug":"equipe","status":"publish","type":"page","link":"https:\/\/rotasetrilhas.com\/newsite\/equipe\/","title":{"rendered":"Equipe"},"content":{"rendered":"<p><img loading=\"lazy\" decoding=\"async\" class=\"aligncenter wp-image-109 size-large\" src=\"http:\/\/rotasetrilhas.com\/newsite\/wp-content\/uploads\/2017\/08\/thumbnail__DSC0515-1-e1524450021142-1024x256.jpg\" alt=\"\" width=\"750\" height=\"188\" srcset=\"https:\/\/rotasetrilhas.com\/newsite\/wp-content\/uploads\/2017\/08\/thumbnail__DSC0515-1-e1524450021142-1024x256.jpg 1024w, https:\/\/rotasetrilhas.com\/newsite\/wp-content\/uploads\/2017\/08\/thumbnail__DSC0515-1-e1524450021142-300x75.jpg 300w, https:\/\/rotasetrilhas.com\/newsite\/wp-content\/uploads\/2017\/08\/thumbnail__DSC0515-1-e1524450021142-768x192.jpg 768w, https:\/\/rotasetrilhas.com\/newsite\/wp-content\/uploads\/2017\/08\/thumbnail__DSC0515-1-e1524450021142.jpg 1280w\" sizes=\"auto, (max-width: 750px) 100vw, 750px\" \/><\/p>\n<p>A Rotas e Trilhas conta com uma equipe completa e altamente capacitada para desenvolver os roteiros e ajudar voc\u00ea em qualquer dificuldade. Al\u00e9m de todo o apoio t\u00e9cnico e mec\u00e2nico para o seu ve\u00edculo, voc\u00ea termina o passeio com fotos e v\u00eddeos maravilhosos para voc\u00ea guardar de recorda\u00e7\u00e3o para sempre!<\/p>\n<p>Em cada roteiro, a experiencia conjunta da equipe faz tudo ser muito especial! Fabio, Adriana, Carlos, N\u00e9ia, Luis Heron, Grazi, Paloma e Rafael est\u00e3o sempre a disposi\u00e7\u00e3o e tratando de fazer cada aventura unica!<\/p>\n<p><img loading=\"lazy\" decoding=\"async\" class=\"aligncenter wp-image-757 size-large\" src=\"http:\/\/rotasetrilhas.com\/newsite\/wp-content\/uploads\/2018\/04\/IMG_7624-e1524450707741-1024x256.jpg\" alt=\"\" width=\"750\" height=\"188\" \/><\/p>\n","protected":false},"excerpt":{"rendered":"<p>A Rotas e Trilhas conta com uma equipe completa e altamente capacitada para desenvolver os roteiros e ajudar voc\u00ea em qualquer dificuldade. Al\u00e9m de todo o apoio t\u00e9cnico e mec\u00e2nico para o seu ve\u00edculo, voc\u00ea termina o passeio com fotos e v\u00eddeos maravilhosos para voc\u00ea guardar de recorda\u00e7\u00e3o para sempre! Em cada roteiro, a experiencia [&hellip;]<\/p>\n","protected":false},"author":1,"featured_media":0,"parent":0,"menu_order":0,"comment_status":"closed","ping_status":"closed","template":"","meta":{"footnotes":""},"class_list":["post-24","page","type-page","status-publish","hentry"],"_links":{"self":[{"href":"https:\/\/rotasetrilhas.com\/newsite\/wp-json\/wp\/v2\/pages\/24","targetHints":{"allow":["GET"]}}],"collection":[{"href":"https:\/\/rotasetrilhas.com\/newsite\/wp-json\/wp\/v2\/pages"}],"about":[{"href":"https:\/\/rotasetrilhas.com\/newsite\/wp-json\/wp\/v2\/types\/page"}],"author":[{"embeddable":true,"href":"https:\/\/rotasetrilhas.com\/newsite\/wp-json\/wp\/v2\/users\/1"}],"replies":[{"embeddable":true,"href":"https:\/\/rotasetrilhas.com\/newsite\/wp-json\/wp\/v2\/comments?post=24"}],"version-history":[{"count":62,"href":"https:\/\/rotasetrilhas.com\/newsite\/wp-json\/wp\/v2\/pages\/24\/revisions"}],"predecessor-version":[{"id":840,"href":"https:\/\/rotasetrilhas.com\/newsite\/wp-json\/wp\/v2\/pages\/24\/revisions\/840"}],"wp:attachment":[{"href":"https:\/\/rotasetrilhas.com\/newsite\/wp-json\/wp\/v2\/media?parent=24"}],"curies":[{"name":"wp","href":"https:\/\/api.w.org\/{rel}","templated":true}]}}